{"id":90,"date":"2016-12-14T13:00:45","date_gmt":"2016-12-14T12:00:45","guid":{"rendered":"http:\/\/www.osteofitsrl.it\/web\/?page_id=90"},"modified":"2018-05-28T09:40:22","modified_gmt":"2018-05-28T08:40:22","slug":"privacy","status":"publish","type":"page","link":"https:\/\/www.osteofitsrl.it\/web\/privacy\/","title":{"rendered":"Privacy"},"content":{"rendered":"<h3><b>Informativa privacy e cookie policy Art 13 del Regolamento Generale per la Protezione dei Dati UE 2016\/679 (GDPR)<\/b><\/h3>\n<p><strong>Osteofit S.r.l.<\/strong> si impegna costantemente per tutelare la privacy on-line dei suoi utenti.<br \/>\nI dati personali forniti dagli utenti del sito web, di cui si garantisce la massima riservatezza e sicurezza, saranno trattati nel pieno rispetto della normativa, e al solo fine di dare esecuzione alle richieste dell&#8217;interessato ovvero per finalit\u00e0 strettamente connesse e necessarie alla fruizione di tutti i servizi disponibili.<br \/>\n<strong><br \/>\nA) Fonte dei dati personali e Titolare del trattamento<\/strong><\/p>\n<p>Questo documento \u00e8 stato redatto ai sensi dell\u2019art. 13 del Regolamento UE 2016\/679 (di seguito: \u201cRegolamento\u201c) al fine di permetterle di conoscere la nostra politica sulla privacy. Vengono descritte le modalit\u00e0 generali del trattamento dei dati personali degli utenti del sito web e dei cookies e come le sue informazioni personali vengono gestite quando utilizza il sito <b>www.<\/b><b>osteofitsrl.it<\/b>. Le informazioni ed i dati da lei forniti od altrimenti acquisiti nell\u2019ambito dell\u2019utilizzo dei servizi di questo sito quali:<\/p>\n<p>\u2022 la corrispondenza e rintracciabilit\u00e0 di chi stabilisce un contatto con il sito web<br \/>\n\u2022 il versamento di denaro relativo alla vendita di prodotti online sul sito web<br \/>\n\u2022 la spedizione mediante corriere dei prodotti venduti sul sito web<br \/>\n\u2022 la spedizione o ritiro di prodotti cambiati o dei resi<br \/>\n\u2022 la gestione del sito web<br \/>\n\u2022 l\u2019invio di newsletter<br \/>\n\u2022 le attivit\u00e0 di promozione e pubblicit\u00e0<br \/>\n\u2022 I dati relativi agli autori dei commenti pubblicati sul sito web<\/p>\n<p>Saranno oggetto di trattamento nel rispetto delle disposizioni del Regolamento e degli obblighi di riservatezza che ispirano la nostra attivit\u00e0<\/p>\n<p>Secondo le norme del Regolamento, i trattamenti effettuati saranno improntati ai principi di liceit\u00e0, correttezza, trasparenza, limitazione delle finalit\u00e0 e della conservazione, minimizzazione dei dati, esattezza, integrit\u00e0 e riservatezza.<\/p>\n<p>Il Titolare dei trattamento dei dati (di seguito \u201cTitolare\u201d) \u00e8 <strong>Osteofit S.r.l.<\/strong>. Il Responsabile per la protezione dei dati personali \u00e8 raggiungibile ai seguenti recapiti:<\/p>\n<p>Email: <a href=\"mailto:info@osteofitsrl.it\">info@osteofitsrl.it<\/a><br \/>\n<strong>Osteofit S.r.l.<\/strong><br \/>\nVia Caduti del Lavoro, 27<br \/>\n60131 Ancona<\/p>\n<p>ai quali pu\u00f2 scrivere per qualunque informazione inerente il trattamento dei dati personali.<\/p>\n<p>La presente informativa \u00e8 resa solo per questo sito web e non anche per altri siti web eventualmente consultati dall\u2019utente tramite link. Si rimanda ad eventuali sezioni specifiche del sito web dove potr\u00e0 trovare le informative specifiche e le eventuali richieste di consenso per singoli trattamenti.<\/p>\n<p><strong>B) Tipi di dati<\/strong><\/p>\n<p>A seguito della navigazione del sito web, la informiamo che tratteremo dei dati personali (art. 4 (1) del Regolamento) di seguito solo \u201cDati Personali\u201d.<\/p>\n<p>In particolare i Dati Personali trattati attraverso il sito web sono i seguenti:<\/p>\n<p><strong>1. Dati di navigazione<\/strong><\/p>\n<p>I sistemi informatici e le procedure software preposte al funzionamento del sito web acquisiscono, nel corso del loro normale esercizio, alcuni Dati Personali la cui trasmissione \u00e8 implicita nell\u2019uso dei protocolli di comunicazione di Internet. Si tratta di informazioni che non sono raccolte per essere associate a interessati identificati, ma che per loro stessa natura potrebbero, attraverso elaborazioni ed associazioni con dati detenuti da terzi, permettere di identificare gli utenti. In questa categoria di dati rientrano gli indirizzi IP o i nomi a dominio dei computer utilizzati dagli utenti che si connettono al sito web, gli indirizzi in notazione URI (<i>Uniform Resource Identifier)<\/i> delle risorse richieste, l\u2019orario della richiesta, il metodo utilizzato nel sottoporre la richiesta al server, la dimensione del file ottenuto in risposta, il codice numerico indicante lo stato della risposta data dal server (buon fine, errore, etc.) ed altri parametri relativi al sistema operativo e all\u2019ambiente informatico dell\u2019utente. Questi dati vengono utilizzati al solo fine di ricavare informazioni statistiche anonime sull\u2019uso del sito web e per controllarne il corretto funzionamento (si veda il paragrafo sui cookie), per identificare anomalie e\/o abusi, e vengono cancellati immediatamente dopo l\u2019elaborazione. I dati potrebbero essere utilizzati dalle autorit\u00e0 competenti per l\u2019accertamento di responsabilit\u00e0 in caso di ipotetici reati informatici ai danni del sito web.<\/p>\n<p><strong>2. Dati forniti volontariamente dall\u2019interessato<\/strong><\/p>\n<p>A parte quanto specificato per i dati di navigazione, l\u2019utente \u00e8 libero di fornire i dati personali riportati negli eventuali moduli di richiesta presenti all\u2019interno del sito web (es. per attivare newsletter, registrazione gratuita, acquisto prodotti, restituzione o cambio merce etc.). Il loro mancato conferimento potrebbe comportare l\u2019impossibilit\u00e0 di erogare il servizio. In questi casi saranno richieste le sole informazioni necessarie per il servizio richiesto (si vedano nel dettaglio le informative specifiche).<\/p>\n<p>Nell\u2019utilizzo di alcuni servizi del sito web potrebbe verificarsi un trattamento di Dati Personali di terzi soggetti da Lei inviati a questo sito web. Rispetto a tali ipotesi, lei si pone come autonomo titolare del trattamento, assumendosi tutti gli obblighi e le responsabilit\u00e0 di legge. In tal senso, conferisce sul punto la pi\u00f9 ampia manleva rispetto ad ogni contestazione, pretesa, richiesta di risarcimento del danno da trattamento, ecc. che dovesse pervenire a questo sito web da terzi soggetti i cui Dati Personali siano stati trattati attraverso il suo utilizzo delle funzioni del sito web in violazione delle norme sulla tutela dei dati personali applicabili. In ogni caso, qualora fornisse o in altro modo trattasse Dati Personali di terzi nell\u2019utilizzo del sito web, garantisce fin da ora \u2013 assumendosene ogni connessa responsabilit\u00e0 \u2013 che tale particolare ipotesi di trattamento si fonda su un\u2019idonea base giuridica ai sensi dell\u2019art. 6 del Regolamento che legittima il trattamento delle informazioni in questione.<\/p>\n<p><strong>C) Finalit\u00e0 del trattamento e basi giuridiche<\/strong><\/p>\n<p>Il trattamento dei dati personali che intendiamo effettuare, dietro suo specifico consenso ove necessario, ha le seguenti finalit\u00e0:<\/p>\n<p>Consentire l\u2019erogazione dei Servizi del sito web;<\/p>\n<p>La base giuridica del trattamento \u00e8 l\u2019esecuzione di misure precontrattuali adottate su richiesta dello stesso (art. 6 (1) (b) del Regolamento) in quanto il trattamento \u00e8 necessario all\u2019erogazione del servizio.<\/p>\n<p>Il conferimento dei Dati Personali per queste finalit\u00e0 \u00e8 facoltativo ma l\u2019eventuale mancato conferimento comporterebbe l\u2019impossibilit\u00e0 di attivare tutti i servizi forniti dal sito web.<\/p>\n<p><strong>D) Destinatari dei dati personali<\/strong><\/p>\n<p>I dati personali forniti a <strong>Osteofit S.r.l.<\/strong> non saranno ceduti a terzi a fini pubblicitari o commerciali.<\/p>\n<p><strong>E) Trasferimenti dei dati personali<\/strong><\/p>\n<p>Alcuni dei suoi Dati Personali sono condivisi con Destinatari che si potrebbero trovare al di fuori dello Spazio Economico Europeo. <strong>Osteofit S.r.l.<\/strong> assicura che il trattamento dei suoi Dati Personali da parte di questi Destinatari avviene nel rispetto del Regolamento. Invero, i trasferimenti si possono basare su una decisione di adeguatezza, sulle <i>Standard Contractual Clauses<\/i> approvate dalla Commissione Europea o su un altro idonea base giuridica.<\/p>\n<p><strong>F) I suoi diritti alla privacy<\/strong><\/p>\n<p>Ai sensi degli articoli 15 e seguenti del Regolamento, ha il diritto di chiederci in qualunque momento, l\u2019accesso ai suoi Dati Personali, la rettifica o la cancellazione degli stessi o di opporsi al loro trattamento, ha diritto di richiedere la limitazione del trattamento nei casi previsti dall\u2019art. 18 del Regolamento, nonch\u00e9 di ottenere in un formato strutturato, di uso comune e leggibile da dispositivo automatico i dati che la riguardano, nei casi previsti dall\u2019art. 20 del Regolamento.<\/p>\n<p>Le richieste vanno rivolte per iscritto al Titolare.<\/p>\n<p>In ogni caso hai sempre diritto di proporre reclamo all\u2019Autorit\u00e0 di Controllo competente (Garante per la Protezione dei Dati Personali), ai sensi dell\u2019art. 77 del Regolamento, qualora ritenga che il trattamento dei tuoi Dati Personali sia contrario alla normativa in vigore.<\/p>\n<p><strong>G) Modifiche<\/strong><\/p>\n<p>La presente privacy policy \u00e8 in vigore dal <b>25 maggio 2018<\/b>. Ci riserviamo di modificarne o semplicemente aggiornarne il contenuto, in parte o completamente, anche a causa di variazioni della normativa applicabile. La informeremo di tali variazioni non appena verranno introdotte ed esse saranno vincolanti non appena pubblicate sul sito web.<\/p>\n<p>La invitiamo quindi a visitare con regolarit\u00e0 questa sezione per prendere cognizione della pi\u00f9 recente ed aggiornata versione della privacy policy in modo da essere sempre aggiornato sui dati raccolti e sul loro uso.<\/p>\n<hr \/>\n<p><b>Informativa sui Cookie<\/b><\/p>\n<p>Questo sito fa uso di cookie per migliorare l\u2019esperienza di navigazione degli utenti e per raccogliere informazioni sull\u2019utilizzo del sito stesso.<br \/>\nUtilizziamo sia cookie tecnici sia cookie di parti terze per migliorare la navigazione che l\u2019interazione dell\u2019utenza con il sito stesso.<\/p>\n<p><strong>Proseguendo nella navigazione si accetta l\u2019uso dei cookie; in caso contrario \u00e8 possibile abbandonare il sito.<\/strong><\/p>\n<p>Un cookie \u00e8 un file di testo formato .txt inviato al browser dell\u2019utente da un server web e che viene successivamente memorizzato sul disco fisso del computer dell\u2019utente stesso. Il cookie viene poi riletto e riconosciuto dal sito web che lo ha inviato ogni qualvolta effettui una connessione successiva.<\/p>\n<p>Come parte dei servizi personalizzati per i suoi utenti, <strong>questo sito web <\/strong>utilizza dei cookie per memorizzare e talvolta tenere traccia di alcuni dei dati personali forniti dagli utenti stessi.<\/p>\n<p>In questo sito web possono essere utilizzati i seguenti tipi di cookie:<\/p>\n<ol>\n<li>Cookie strettamente necessari. Questi sono i cookie necessari per il funzionamento del nostro sito web che vi consentono di navigare sul sito e di utilizzarne le funzionalit\u00e0.<\/li>\n<li>Cookie di analisi\/performance. Essi ci consentono di riconoscere e contare il numero di visitatori e di scoprire come i visitatori navigano nel sito quando lo utilizzano. Ci\u00f2 ci aiuta a migliorare il funzionamento del nostro sito web, ad esempio, assicurandoci che gli utenti siano in grado di trovare facilmente ci\u00f2 che stanno cercando.<\/li>\n<li>Cookie di funzionalit\u00e0. Questi sono utilizzati per riconoscervi quando ritornate sul nostro sito web. Ci\u00f2 ci permette di personalizzare i nostri contenuti per voi, di salutarvi con il vostro nome e di ricordare le vostre preferenze (quali, ad esempio, la scelta della lingua o della regione).<\/li>\n<li>Cookie di targeting. Questi cookie registrano la vostra visita al nostro sito, le pagine che avete visitato e i link che avete seguito. Queste informazioni verranno poi utilizzate per rendere il nostro sito web e la pubblicit\u00e0 visualizzata su di esso pi\u00f9 affini ai vostri interessi. A tal fine, possiamo anche condividere queste informazioni con terze parti.<\/li>\n<li>Cookie di terze parti. Vi preghiamo di tenere a mente che gli inserzionisti e altre terze parti possono utilizzare i propri cookie quando fate clic su una pubblicit\u00e0 o su un link sul nostro sito web. Queste terze parti sono responsabili per la definizione dei propri cookie e delle proprie politiche sulla privacy.<\/li>\n<\/ol>\n<p>Ricordiamo che il browser \u00e8 quel software che permette di navigare velocemente nella Rete tramite la visualizzazione e il trasferimento delle informazioni sul disco fisso del computer.<br \/>\nSe le preferenze del browser sono impostate in modo da accettare i cookie, qualsiasi sito web pu\u00f2 inviare i suoi cookie al browser stesso, ma \u2013 al fine di proteggere la privacy dell\u2019utente \u2013 pu\u00f2 rilevare solo ed esclusivamente quelli inviati dal sito stesso, e non quelli invece inviati da altri siti.<\/p>\n<p><strong>E\u2019 possibile accettare i cookies e proseguire, oppure configurare i singoli cookies nel browser.<\/strong><\/p>\n<p>L\u2019accesso al sito \u00e8 completamente gratuito ma comporta l\u2019accettazione delle seguenti condizioni d\u2019uso.<\/p>\n<p><strong>Siete pregati di leggerle attentamente poich\u00e9 il solo fatto di proseguire nell\u2019utilizzo o consultazione del sito costituisce completa accettazione delle condizioni stesse da parte di ogni visitatore o utente.<\/strong><\/p>\n<p>Se non esplicitamente indicato sul sito tramite apposito link a pagina dedicata, in riferimento al trattamento dei dati personali dell\u2019utente (<a href=\"http:\/\/www.garanteprivacy.it\/web\/guest\/home\/docweb\/-\/docweb-display\/docweb\/1311248\" target=\"_blank\" rel=\"noopener\">art. 13 del d.lgs. n. 196\/2003 \u2013 Codice in materia di protezione dei dati personali<\/a>), si informa che:<\/p>\n<p>Il Titolare e\u2019 da intendersi l\u2019intestatario della partita IVA indicata sul sito, o in sua assenza il proprietario del dominio.<\/p>\n<p>A seguito della consultazione del sito da parte dell\u2019utente, il Titolare viene in possesso di dati inerenti la navigazione che non possono venir associati all\u2019individuo a meno di indagini giuridiche.<\/p>\n<p>A seguito dell\u2019esplicito e volontario invio da parte dell\u2019utente di dati personali tramite i form di contatto o tramite contatto mail, il Titolare viene in possesso di dati personali e identificativi, i quali verranno trattati e conservati al solo fine della risposta alla richiesta dell\u2019utente.<\/p>\n<p>I dati personali, di qualunque tipo e provenienza, non saranno diffusi ne\u2019 ceduti a terzi al di fuori dell\u2019ambito del sito e potranno venir cancellati totalmente su esplicita richiesta da inviare al proprietario del dominio scrivendo al Titolare.<\/p>\n<p>Il Titolare non \u00e8 responsabile dell\u2019uso delle informazioni presenti nel sito. In nessun caso il Titolare sar\u00e0 responsabile di ogni diretto o indiretto danno che possa risultare dall\u2019uso, o dalla incapacit\u00e0 di usare, le informazioni presenti all\u2019interno del sito.<\/p>\n<p>Nessun trattamento di dati personali viene svolto sulla base degli accessi alle pagine di questo sito web. Le e-mail ricevute saranno invece archiviate su computer o servizi di posta di terze parti, il mittente ha la possibilit\u00e0 di esercitare tutti i diritti previsti dal Decreto legislativo 30.6. 2003 n. 196, ed in particolare di conoscere quali suoi dati sono presenti nell\u2019archivio e di ottenerne la variazione o la cancellazione.<\/p>\n<p>I dati sensibili degli utenti non saranno comunque condivisi con altre societ\u00e0, ne pubblicati o ceduti a terzi, senza esplicita autorizzazione degli interessati.<\/p>\n<p>L\u2019iscrizione a una newsletter costituisce esplicito consenso all\u2019utilizzo dei propri dati personali per l\u2019invio di informazioni commerciali da parte del Titolare.<\/p>\n<p><strong>Banner pubblicitari<\/strong><\/p>\n<p><strong>Osteofit S.r.l.<\/strong> \u00a0potrebbe inserire, all\u2019interno del sito web, eventuali banner pubblicitari in accordo con enti, aziende o associazioni che desiderino apparire sulle pagine del sito.<br \/>\nNon vengono in nessun modo inviato cookies di alcuni genere in quanto il collegamento \u00e8 realizzato unicamente con un semplice link alla pagina o al contenuto messo a disposizione dell\u2019eventuale sito partner interessato ad apparire su questo sito web.<\/p>\n<p><strong>Cookie di altre societ\u00e0<\/strong><\/p>\n<p><strong>Osteofit S.r.l. <\/strong>potrebbe inserire, all\u2019interno del proprio sito, servizi o codici di terze parti che potrebbero impostare e utilizzare propri cookies. L\u2019impiego di tali cookie da parte di tali aziende \u00e8 regolato dalle informative sulla privacy di dette societ\u00e0 e non dalla presente informativa visto che non gestiamo questi strumenti e non trattiamo i dati derivanti da essi.<\/p>\n<p>Forniamo di seguito un primo elenco (non esaustivo) di alcune delle aziende che potrebbero inviare cookies tecnici o di profilazioni mentre l\u2019utente visita questo sito web.<\/p>\n<p><strong>Google Plus (G+) <\/strong>e relativa <strong><a href=\"http:\/\/www.google.com\/intl\/it_it\/policies\/technologies\/types\/\" target=\"_blank\" rel=\"noopener\">informativa<br \/>\n<\/a>Facebook <\/strong>e relativa <strong><a href=\"https:\/\/www.facebook.com\/help\/cookies\/\" target=\"_blank\" rel=\"noopener\">informativa<br \/>\n<\/a>Twitter <\/strong>e relativa <strong><a href=\"https:\/\/support.twitter.com\/articles\/20170519-uso-dei-cookie-e-di-altre-tecnologie-simili-da-parte-di-twitter\" target=\"_blank\" rel=\"noopener\">informativa<br \/>\n<\/a>YouTube <\/strong>e relativa <strong><a href=\"https:\/\/www.youtube.com\/static?template=privacy_guidelines&amp;gl=IT\" target=\"_blank\" rel=\"noopener\">informativa<br \/>\n<\/a>LinkedIn <\/strong>e relativa <strong><a href=\"https:\/\/www.linkedin.com\/legal\/cookie_policy\" target=\"_blank\" rel=\"noopener\">informativa<\/a><br \/>\nAddToAny <\/strong>e relativa <strong><a href=\"https:\/\/www.addtoany.com\/privacy\" target=\"_blank\" rel=\"noopener\">informativa<br \/>\n<\/a>Reddit <\/strong>e relativa <strong><a href=\"https:\/\/www.reddit.com\/wiki\/privacypolicy\" target=\"_blank\" rel=\"noopener\">informativa<br \/>\n<\/a>Pinterest <\/strong>e relativa <strong><a href=\"https:\/\/about.pinterest.com\/en\/privacy-policy\" target=\"_blank\" rel=\"noopener\">informativa<br \/>\n<\/a>Tumblr <\/strong>e relativa <strong><a href=\"https:\/\/www.tumblr.com\/policy\/it\/community\" target=\"_blank\" rel=\"noopener\">informativa<br \/>\n<\/a>Flickr <\/strong>e relativa <strong><a href=\"https:\/\/policies.yahoo.com\/ie\/it\/yahoo\/privacy\/products\/flickr\/index.htm\" target=\"_blank\" rel=\"noopener\">informativa<\/a><br \/>\n<\/strong><strong>Google<\/strong> e relativa\u00a0<strong><a href=\"https:\/\/www.google.com\/intl\/it\/policies\/\">informativa<\/a><br \/>\nGoogle Analytics<\/strong> e relativa <strong><a href=\"https:\/\/developers.google.com\/analytics\/devguides\/collection\/analyticsjs\/cookie-usage\">informativa<\/a><\/strong><\/p>\n<p><strong>Procedura pratica per disattivare i Cookies dal proprio browser<\/strong><\/p>\n<p>E\u2019 possibile configurare il browser in uso in modo da poter accettare oppure rifiutare tutti i cookie o particolari tipologie di cookie (ad esempio i cookie di terze parti) oppure \u00e8 possibile essere avvisati ogni volta che viene inserito o modificato un cookie all\u2019interno del computer. Di seguito le istruzioni per personalizzare la configurazione dei cookies all\u2019interno dei principali browser attualmente in distribuzione:<\/p>\n<p><strong>Microsoft Internet Explorer<br \/>\n<a href=\"http:\/\/windows.microsoft.com\/it-it\/windows-vista\/block-or-allow-cookies\" target=\"_blank\" rel=\"noopener\">Procedura per la configurazione avanzata dei Cookies in Internet Explorer\u00a0<\/a><\/strong><\/p>\n<p><strong>Mozilla Firefox<br \/>\n<a href=\"https:\/\/support.mozilla.org\/it\/kb\/Attivare%20e%20disattivare%20i%20cookie\" target=\"_blank\" rel=\"noopener\">Procedura per la configurazione avanzata dei Cookies in Mozilla Firefox\u00a0<\/a><\/strong><\/p>\n<p><strong>Google Chrome<br \/>\n<a href=\"https:\/\/support.google.com\/accounts\/answer\/61416?hl=it\" target=\"_blank\" rel=\"noopener\">Procedura per la configurazione avanzata dei Cookies in Google Chrome<\/a><\/strong><\/p>\n<p><strong>Apple Safari per Windows<br \/>\n<a href=\"https:\/\/support.apple.com\/kb\/PH17191?locale=it_IT\" target=\"_blank\" rel=\"noopener\">Procedura per la configurazione avanzata dei Cookies in Apple Safari per Windows\u00a0<\/a><\/strong><\/p>\n<p><strong>Opera<br \/>\n<a href=\"http:\/\/help.opera.com\/Windows\/10.00\/it\/cookies.html\" target=\"_blank\" rel=\"noopener\">Procedura per la configurazione avanzata dei Cookies in Opera<\/a><\/strong><\/p>\n<p>Se desidera solo limitare i cookie della pubblicit\u00e0 di terze parti, \u00e8 possibile disattivare tali cookie visitando i link seguenti:<\/p>\n<p><strong>Your Online Choices<\/strong> (<a href=\"http:\/\/www.youronlinechoices.com\/uk\/\">http:\/\/www.youronlinechoices.com\/<\/a>)<\/p>\n<p><strong>Network Advertising Initiative<\/strong> (<a href=\"http:\/\/www.networkadvertising.org\/\">http:\/\/www.networkadvertising.org\/<\/a>)<\/p>\n<p><strong>Digital Advertising Alliance<\/strong> (<a href=\"http:\/\/www.aboutads.info\/consumers\">http:\/\/www.aboutads.info\/consumers<\/a>)<\/p>\n","protected":false},"excerpt":{"rendered":"<p>Informativa privacy e cookie policy Art 13 del Regolamento Generale per la Protezione dei Dati UE 2016\/679 (GDPR) Osteofit S.r.l. si impegna costantemente per tutelare la privacy on-line dei suoi utenti. I dati personali forniti dagli utenti del sito web, di cui si garantisce la massima riservatezza e sicurezza, saranno trattati nel pieno rispetto della &hellip; <\/p>\n<p class=\"link-more\"><a href=\"https:\/\/www.osteofitsrl.it\/web\/privacy\/\" class=\"more-link\">Leggi tutto<span class=\"screen-reader-text\"> &#8220;Privacy&#8221;<\/span><\/a><\/p>\n","protected":false},"author":1,"featured_media":0,"parent":0,"menu_order":0,"comment_status":"closed","ping_status":"closed","template":"","meta":{"footnotes":""},"class_list":["post-90","page","type-page","status-publish","hentry"],"_links":{"self":[{"href":"https:\/\/www.osteofitsrl.it\/web\/wp-json\/wp\/v2\/pages\/90","targetHints":{"allow":["GET"]}}],"collection":[{"href":"https:\/\/www.osteofitsrl.it\/web\/wp-json\/wp\/v2\/pages"}],"about":[{"href":"https:\/\/www.osteofitsrl.it\/web\/wp-json\/wp\/v2\/types\/page"}],"author":[{"embeddable":true,"href":"https:\/\/www.osteofitsrl.it\/web\/wp-json\/wp\/v2\/users\/1"}],"replies":[{"embeddable":true,"href":"https:\/\/www.osteofitsrl.it\/web\/wp-json\/wp\/v2\/comments?post=90"}],"version-history":[{"count":4,"href":"https:\/\/www.osteofitsrl.it\/web\/wp-json\/wp\/v2\/pages\/90\/revisions"}],"predecessor-version":[{"id":139,"href":"https:\/\/www.osteofitsrl.it\/web\/wp-json\/wp\/v2\/pages\/90\/revisions\/139"}],"wp:attachment":[{"href":"https:\/\/www.osteofitsrl.it\/web\/wp-json\/wp\/v2\/media?parent=90"}],"curies":[{"name":"wp","href":"https:\/\/api.w.org\/{rel}","templated":true}]}}